9*j - 1. List the prime factors of m(-6).
53
Let p be (-54)/(-12) + 2/(-4). Suppose p*u - 2*u - 6 = 0. What are the prime factors of u?
3
Suppose 5*d - 109 = -g - 22, -3*g = d - 317. What are the prime factors of g?
107
Let r be ((-27)/(-15))/((-3)/(-10)). What are the prime factors of (20/14)/(r/42)?
2, 5
What are the prime factors of (20/30)/((-4)/(-162))?
3
Let s(v) = 2*v**2 + 1. Let p be s(-1). Let w be -2 + (0 - (p + -1)). Let m = w - -14. List the prime factors of m.
2, 5
Suppose 0 = 26*j - 30*j + 828. List the prime factors of j.
3, 23
What are the prime factors of 67/4 + (-30)/40?
2
Suppose -3*w = 2*w - 2*y - 412, -3*w + 241 = 5*y. Suppose -5*x + w = -8. What are the prime factors of x?
2, 3
Suppose b + 5 = 3*i - 11, -5*i = -4*b - 57. Let o = 21 + b. List the prime factors of o.
2
Let v = -5 + 7. Suppose -v*j + 2 - 4 = 0. Let k(n) = 6*n**2 + n + 1. List the prime factors of k(j).
2, 3
Suppose 0 = -4*u - 24 + 4, -5*u = 4*i + 181. Let x = -27 - i. Suppose 3*k - x - 24 = 0. List the prime factors of k.
2, 3
Suppose -408 + 45 = -s. What are the prime factors of s?
3, 11
Suppose -5*j - 179 = -5*m - 444, 0 = -5*j + 2*m + 259. Suppose 0 = q - 7 - 14. Suppose -3*z - q = -j. List the prime factors of z.
2, 5
Let j(m) = 2*m - 12. Let x be j(6). Suppose -3 = -p - x. List the prime factors of p.
3
Let y be (-2)/(-1 - (-1)/2). Suppose -y*n - 100 = -k, 0 = -2*k + k - n + 75. Suppose 5*r - 5*z - k = 0, -r - 2*z = -4 - 0. List the prime factors of r.
2, 3
Let x be 2*1 + 2/2. Suppose 2*a - x = 3. What are the prime factors of a?
3
Suppose 0 = -5*b, 5*c - c = -b + 60. Suppose -2*p = 3*p - c. Let s = p - -2. What are the prime factors of s?
5
Let d(v) = -v**3 + 10*v**2 - 3*v + 11. Let j be d(10). Let f = j - -30. List the prime factors of f.
11
Let g(b) = 0*b + 9*b**2 + 2*b - b + 17*b**2. List the prime factors of g(1).
3
Let o(f) = f**2 + 11*f - 10. Let n be o(-12). Suppose m - 3*m - 124 = -5*v, n*v = -2*m + 58. Let y = v - 11. List the prime factors of y.
3, 5
Let l(f) = 6*f + 7. Let k be l(8). Suppose 0 = 5*h + 5*x + k, 2*x + 13 + 27 = -5*h. What are the prime factors of (-15)/h*(-8)/(-2)?
2, 5
What are the prime factors of (-468)/(-45) + 4/(-10)?
2, 5
Suppose l - 40 = -l. What are the prime factors of l?
2, 5
What are the prime factors of -785*(-2 - 8/(-5))?
2, 157
Let g = 13 - 17. List the prime factors of (-3 - -2)/(g/124).
31
What are the prime factors of (-78)/24*-8*7?
2, 7, 13
Let u(x) = 3 + 5*x - 2 - 3*x. Let n = -7 - -10. What are the prime factors of u(n)?
7
Suppose -64 = -4*o - 20. Suppose 2*y + 1 = o. Suppose -v - 2*j + 18 = -1, -65 = -y*v - 4*j. List the prime factors of v.
3
List the prime factors of 20/(-70) - (-569)/7.
3
Let u(f) be the second derivative of 5*f**3/6 + 9*f**2/2 + 4*f. Let i be u(-7). Let l = i + 38. List the prime factors of l.
2, 3
Let h(d) = 6*d**2 - 2*d - 2. List the prime factors of h(3).
2, 23
Suppose 2*f + 7 = r, -f - 4 - 4 = 4*r. Let g be (-24)/(-4) + r + 1. What are the prime factors of 4/(-6) - (-16)/g?
2
List the prime factors of 1/5 + 252/90 + 34.
37
Let o = 5 - 9. Suppose -x + 25 - 8 = 0. What are the prime factors of x/o*(1 - 5)?
17
Suppose 2*r + 5*g = g + 4, -3*g = -3*r - 3. Suppose -5*q + 56 - 6 = r. List the prime factors of q.
2, 5
What are the prime factors of (-4)/(-14) + (-687)/(-21)?
3, 11
Let k = 3 + -4. Let l be k/3*(-11 + 2). Suppose 5*t + 2*w - 21 = 0, -2*t + 5 = -l*t - 5*w. List the prime factors of t.
5
Let d(c) = -c**3 + 8*c**2 - 4*c - 3. Let p be d(7). Let v = 47 - p. List the prime factors of v.
29
Suppose -21 = 3*y - 6, 3*m - 29 = y. Let q = -4 + 9. Suppose 4*f = -n - m, q*f + 37 = -0*n + n. List the prime factors of n.
2, 3
Let d(t) = -t**2 + t + 6. Let m(w) = w**2 - 2*w - 11. Let l(h) = -5*d(h) - 3*m(h). What are the prime factors of l(-3)?
2, 3
Let c(v) = v**2 - v + 2. Let t be c(2). Suppose 36 = -t*r + 4*z, 2*z = 4 + 2. Let a = r - -18. What are the prime factors of a?
2, 3
Let u = 82 - 24. List the prime factors of u.
2, 29
Let d(g) = g**3 + 10*g**2 + 12*g + 6. Let m(c) = 1. Let w(i) = -d(i) - 3*m(i). Let z = 28 - 37. What are the prime factors of w(z)?
2, 3
Suppose -2*i - 2*i = 2*y - 16, -2*i + 6 = 0. Suppose f = -2*g + 14, 5 = 5*g - y*f - 3*f. List the prime factors of g.
5
Let z be (3 - 3)*(-1)/(-3). List the prime factors of z/(-1) + 3 + 2.
5
Let t be (-194)/(-6) + 1/(-3). Suppose -2*m + 3*b = -0*m - 6, 4*m = -5*b - t. Let p = 3 - m. What are the prime factors of p?
2, 3
Let k be (6/(-2))/((-12)/(-8)). Let q be 2/k - (-12)/2. Let l = q - 2. List the prime factors of l.
3
Let v(z) be the third derivative of 1/3*z**3 + 0 + 1/10*z**5 - 4*z**2 + 0*z - 1/6*z**4. What are the prime factors of v(2)?
2, 3
Let q(d) = 3 - 2 - d + 1 - d. List the prime factors of q(-3).
2
Let x(p) = p**3 + p + 37. Let q(t) = t - 1. Let k be q(1). Let i be x(k). Let z = i - 20. List the prime factors of z.
17
Let o(k) be the first derivative of -10*k + 8*k**2 - 7*k**2 + 4 + 0*k**2. List the prime factors of o(8).
2, 3
Let c = -222 + 147. List the prime factors of (-3 + 2)/(3/c).
5
Let q = -211 - -386. What are the prime factors of q?
5, 7
What are the prime factors of (1 - -1) + 31 - 0?
3, 11
Let g(r) = -r - 20. Suppose -4*l - 46 = -6*n + n, -5*l = 4*n + 37. Let u be g(l). Let k = -3 - u. List the prime factors of k.
2
Suppose 4*f - 3 + 207 = 0. Let n = f + 36. Let i = -7 - n. What are the prime factors of i?
2
Suppose -4*a + g = -497, 4*g - 2*g = -2*a + 246. What are the prime factors of a?
2, 31
Let g = 4 - 3. Let l(k) = 11*k**2 - 1. List the prime factors of l(g).
2, 5
Let o = 31 - -4. List the prime factors of o.
5, 7
Let h = -6 - -14. Let n = 13 - 10. Suppose -n*a = -h*a + 50. List the prime factors of a.
2, 5
Let n(i) = i**2 - 2*i - 9. Let j be n(0). List the prime factors of (-210)/j + 4/6.
2, 3
List the prime factors of (-282)/5*(24/9 - 6).
2, 47
Let j be (-1)/(-5) + (-57)/(-15). Suppose v - 33 = 4*i + j, -37 = -v + 3*i. List the prime factors of v.
37
Suppose -2*x + 100 = 3*x. Suppose 1 = p, p + 3*p + x = 4*r. What are the prime factors of r?
2, 3
Suppose -5*r + 130 = -5*g, 0*r - g = -5*r + 138. List the prime factors of r.
2, 7
Suppose 0 = -z - 4 + 2. What are the prime factors of 2 - -7 - z/1?
11
Suppose 5*i - 83 = -2*k, 0 = -2*k - 0*k + 5*i + 133. List the prime factors of k.
2, 3
Suppose -3 = -m - 0. Suppose -5*s - 41 = -3*x, 0*x + m*s - 91 = -5*x. Let y = x + -2. List the prime factors of y.
3, 5
Suppose 0 = -5*n - 3*f - 31, 4*f - 9 - 8 = 5*n. List the prime factors of (-4 - n)/((-1)/(-11)).
11
Let d be ((-12)/(-8))/(6/8). Suppose -z + d*z = -51. List the prime factors of (-1)/2 - z/6.
2
Suppose 2*c + 2*d - 8 = 0, -3 = 3*c + d - 5. Let j be c/(15/18 + -1). Suppose -q = -3, b - j*b = 5*q - 120. What are the prime factors of b?
3, 7
Let q be (-172)/(-36) + (-2)/(-9). Suppose 0*n + 39 = 3*n. Suppose -3*d + q*d = 3*c - 39, -c + 4*d = -n. List the prime factors of c.
13
Let n = 2 + 23. Suppose n = 3*a + h - 7, -2*a = -3*h - 36. What are the prime factors of a?
2, 3
Let c = 20 - 16. What are the prime factors of c?
2
Let u = 9 - 3. Suppose a - 4*m - u = 0, -1 = -m + 3. Suppose l = 4*s - 45 + 5, 2*s - a = l. What are the prime factors of s?
3
Let u(m) = -m**3 + 2*m**2 - 2*m + 1. Let x be u(1). Let f = 0 + 6. Suppose x = v + v - f. List the prime factors of v.
3
Suppose 26 = 5*c - 24. List the prime factors of -12 + c - 13*-1.
11
Let q = -60 - -62. List the prime factors of q.
2
Let o(u) = -u**3 - 2*u**2 + 2*u. Let c be o(-3). Let t be 5 + (-1 - (c - 2)). Suppose -j = t - 10. List the prime factors of j.
7
Suppose 5*u - z - 2*z - 11 = 0, u + 2*z = 10. Let n be (3/3)/((-2)/u). List the prime factors of -1*(-1 - (14 + n)).
13
Suppose n - 5*g = -0*n + 12, 4 = n - 3*g. Let w = 14 + n. What are the prime factors of w?
2, 3
Let w(i) = 3*i**2 - 5*i - 1. Let n(l) = -2*l**2 + 2*l. Let f(r) = 5*n(r) + 3*w(r). Let p be f(-3). What are the prime factors of 3 + p/3 + 3?
7
Let s(t) = 8*t + 2 - 8*t + t**2. Let l be s(0). Suppose 13 + 11 = l*d. List the prime factors of d.
2, 3
Let s be (-2)/(-8) - 15/(-4). Suppose 2*m + 4*o - 28 = 0, 0 = 5*m + 4*o + 3 - 85. What are the prime factors of (m/s)/(6/16)?
2, 3
Let y be ((-24)/(-10))/(-3)*-5. Suppose -u + 3*u + 4 = -4*o, y*u = -3*o + 2. What are the prime factors of 84/